{"id":151,"date":"2025-10-09T17:23:07","date_gmt":"2025-10-09T20:23:07","guid":{"rendered":"https:\/\/baleeirorodriguessales.com.br\/?page_id=151"},"modified":"2025-12-19T12:05:35","modified_gmt":"2025-12-19T15:05:35","slug":"blog","status":"publish","type":"page","link":"https:\/\/baleeirorodriguessales.com.br\/?page_id=151","title":{"rendered":"Blog"},"content":{"rendered":"\t\t<div data-elementor-type=\"wp-page\" data-elementor-id=\"151\" class=\"elementor elementor-151\" data-elementor-post-type=\"page\">\n\t\t\t\t\t\t<section class=\"elementor-section elementor-top-section elementor-element elementor-element-66241b39 elementor-section-full_width elementor-section-height-default elementor-section-height-default\" data-id=\"66241b39\" data-element_type=\"section\" data-settings=\"{&quot;background_background&quot;:&quot;classic&quot;}\">\n\t\t\t\t\t\t\t<div class=\"elementor-background-overlay\"><\/div>\n\t\t\t\t\t\t\t<div class=\"elementor-container elementor-column-gap-default\">\n\t\t\t\t\t<div class=\"elementor-column elementor-col-50 elementor-top-column elementor-element elementor-element-f590c3\" data-id=\"f590c3\" data-element_type=\"column\">\n\t\t\t<div class=\"elementor-widget-wrap elementor-element-populated\">\n\t\t\t\t\t\t<div class=\"elementor-element elementor-element-5fd4be56 elementor-widget elementor-widget-heading\" data-id=\"5fd4be56\" data-element_type=\"widget\" data-widget_type=\"heading.default\">\n\t\t\t\t<div class=\"elementor-widget-container\">\n\t\t\t\t\t<p class=\"elementor-heading-title elementor-size-default\">Baleeiro Rodrigues Advocacia<\/p>\t\t\t\t<\/div>\n\t\t\t\t<\/div>\n\t\t\t\t<div class=\"elementor-element elementor-element-1f4d097a elementor-widget elementor-widget-heading\" data-id=\"1f4d097a\" data-element_type=\"widget\" data-widget_type=\"heading.default\">\n\t\t\t\t<div class=\"elementor-widget-container\">\n\t\t\t\t\t<h1 class=\"elementor-heading-title elementor-size-default\">Artigos<\/h1>\t\t\t\t<\/div>\n\t\t\t\t<\/div>\n\t\t\t\t\t<\/div>\n\t\t<\/div>\n\t\t\t\t<div class=\"elementor-column elementor-col-50 elementor-top-column elementor-element elementor-element-792a68a6\" data-id=\"792a68a6\" data-element_type=\"column\">\n\t\t\t<div class=\"elementor-widget-wrap elementor-element-populated\">\n\t\t\t\t\t\t<section class=\"elementor-section elementor-inner-section elementor-element elementor-element-4c5cffcb elementor-section-boxed elementor-section-height-default elementor-section-height-default\" data-id=\"4c5cffcb\" data-element_type=\"section\">\n\t\t\t\t\t\t<div class=\"elementor-container elementor-column-gap-default\">\n\t\t\t\t\t<div class=\"elementor-column elementor-col-33 elementor-inner-column elementor-element elementor-element-4ab25fc\" data-id=\"4ab25fc\" data-element_type=\"column\">\n\t\t\t<div class=\"elementor-widget-wrap elementor-element-populated\">\n\t\t\t\t\t\t<div class=\"elementor-element elementor-element-25111b4d elementor-widget elementor-widget-heading\" data-id=\"25111b4d\" data-element_type=\"widget\" data-widget_type=\"heading.default\">\n\t\t\t\t<div class=\"elementor-widget-container\">\n\t\t\t\t\t<p class=\"elementor-heading-title elementor-size-default\"><a href=\"https:\/\/baleeirorodriguessales.com.br\/\">In\u00edcio<\/a><\/p>\t\t\t\t<\/div>\n\t\t\t\t<\/div>\n\t\t\t\t\t<\/div>\n\t\t<\/div>\n\t\t\t\t<div class=\"elementor-column elementor-col-33 elementor-inner-column elementor-element elementor-element-61dde032\" data-id=\"61dde032\" data-element_type=\"column\">\n\t\t\t<div class=\"elementor-widget-wrap elementor-element-populated\">\n\t\t\t\t\t\t<div class=\"elementor-element elementor-element-19a0ebf0 elementor-view-default elementor-widget elementor-widget-icon\" data-id=\"19a0ebf0\" data-element_type=\"widget\" data-widget_type=\"icon.default\">\n\t\t\t\t<div class=\"elementor-widget-container\">\n\t\t\t\t\t\t\t<div class=\"elementor-icon-wrapper\">\n\t\t\t<div class=\"elementor-icon\">\n\t\t\t<svg aria-hidden=\"true\" class=\"e-font-icon-svg e-fas-chevron-right\" viewBox=\"0 0 320 512\" xmlns=\"http:\/\/www.w3.org\/2000\/svg\"><path d=\"M285.476 272.971L91.132 467.314c-9.373 9.373-24.569 9.373-33.941 0l-22.667-22.667c-9.357-9.357-9.375-24.522-.04-33.901L188.505 256 34.484 101.255c-9.335-9.379-9.317-24.544.04-33.901l22.667-22.667c9.373-9.373 24.569-9.373 33.941 0L285.475 239.03c9.373 9.372 9.373 24.568.001 33.941z\"><\/path><\/svg>\t\t\t<\/div>\n\t\t<\/div>\n\t\t\t\t\t\t<\/div>\n\t\t\t\t<\/div>\n\t\t\t\t\t<\/div>\n\t\t<\/div>\n\t\t\t\t<div class=\"elementor-column elementor-col-33 elementor-inner-column elementor-element elementor-element-1353c3e9\" data-id=\"1353c3e9\" data-element_type=\"column\">\n\t\t\t<div class=\"elementor-widget-wrap elementor-element-populated\">\n\t\t\t\t\t\t<div class=\"elementor-element elementor-element-67c661ec elementor-widget elementor-widget-heading\" data-id=\"67c661ec\" data-element_type=\"widget\" data-widget_type=\"heading.default\">\n\t\t\t\t<div class=\"elementor-widget-container\">\n\t\t\t\t\t<p class=\"elementor-heading-title elementor-size-default\"><a href=\"https:\/\/baleeirorodriguessales.com.br\/blog\">artigos<\/a><\/p>\t\t\t\t<\/div>\n\t\t\t\t<\/div>\n\t\t\t\t\t<\/div>\n\t\t<\/div>\n\t\t\t\t\t<\/div>\n\t\t<\/section>\n\t\t\t\t\t<\/div>\n\t\t<\/div>\n\t\t\t\t\t<\/div>\n\t\t<\/section>\n\t\t\t\t<section class=\"elementor-section elementor-top-section elementor-element elementor-element-7f5dd159 elementor-section-boxed elementor-section-height-default elementor-section-height-default\" data-id=\"7f5dd159\" data-element_type=\"section\">\n\t\t\t\t\t\t<div class=\"elementor-container elementor-column-gap-default\">\n\t\t\t\t\t<div class=\"elementor-column elementor-col-100 elementor-top-column elementor-element elementor-element-3b7a27e1\" data-id=\"3b7a27e1\" data-element_type=\"column\">\n\t\t\t<div class=\"elementor-widget-wrap elementor-element-populated\">\n\t\t\t\t\t\t<div class=\"elementor-element elementor-element-550ff036 elementor-widget elementor-widget-heading\" data-id=\"550ff036\" data-element_type=\"widget\" data-widget_type=\"heading.default\">\n\t\t\t\t<div class=\"elementor-widget-container\">\n\t\t\t\t\t<h4 class=\"elementor-heading-title elementor-size-default\">Artigos Recentes<\/h4>\t\t\t\t<\/div>\n\t\t\t\t<\/div>\n\t\t\t\t<div class=\"elementor-element elementor-element-2d8b657b animated-slow elementor-invisible elementor-widget elementor-widget-tfposts\" data-id=\"2d8b657b\" data-element_type=\"widget\" data-settings=\"{&quot;_animation&quot;:&quot;fadeInUp&quot;}\" data-widget_type=\"tfposts.default\">\n\t\t\t\t<div class=\"elementor-widget-container\">\n\t\t\t\t\t\t\t<div id=\"tf-posts-2d8b657b\" class=\"tf-posts-2d8b657b tf-posts-wrap column-3 tablet-column-3 mobile-column-1  no-arrow no-bullets grid-styles-default featured-post-top  \" data-tabid=\"2d8b657b\" data-class_id=\"tf-posts-2d8b657b\" data-loop=\"\" data-auto=\"\" data-column=\"\" data-column2=\"\" data-column3=\"\" data-spacer=\"\" data-prev_icon=\"\" data-next_icon=\"\" >\t\t\t\r\n\t\t\t<div class=\"tf-posts  grid\">\r\n\t\t\t\t\t\t\t\t\t\t\r\n\t\t\t\t\t\t\t\t<div class=\"column\">\r\n\t\t\t\t\t<div class=\"entry blog-post\">\r\n\t\t\t\t\t\t\t\t\t\t\t\t\t\t\t\t\t\t\t\t\t\t\t\t\t\t\t<div class=\"featured-post\">\r\n\t\t\t\t\t\t\t\t\t\t\t\t<img decoding=\"async\" src=\"https:\/\/baleeirorodriguessales.com.br\/wp-content\/uploads\/2025\/10\/3-1024x576.jpg\" alt=\"image\">\t\t\t\t\t\t\t\t\t\t\t\t\t\t\t\t\t\t\t\t\t\t\t\t<a href=\"https:\/\/baleeirorodriguessales.com.br\/?p=277\" class=\"overlay\">\r\n\t\t\t\t\t\t\t\t\t\t\t\t\t<i class=\"\" aria-hidden=\"true\"><\/i>\t\t\t\t\t\t\t\t\t\t\t\t<\/a>\r\n\t\t\t\t\t\t\t\t\t\t\t\t\t\t\t\t\t\t\t\t\t\r\n\t\t\t\t\t\t\t\t\t\t\t<\/div>\r\n\t\t\t\t\t\t\t\t\t\t\t\t\t\t\t\t\t\t\t\t\t\t\r\n\t\t\t\t\t\t\t\t\t\t\t\t\t\t\t\t\t\t\t\t\t\t\t\t\t\t\t\t<div class=\"content\">\r\n\t\t\t\t\t\t\t\t\t\t\t\t\t\t\t\t\t\t\t\t\t\t\t\t\t\t\t\t\t\t\t\t\t<ul class=\"post-meta\">\r\n\t\t\t\t\t\t\t\t\t\t\t\t\t\t\t\t\t\t\t\t\t\t\t\t\t\t<li class=\"post-author\">\r\n\t\t\t\t\t\t\t\t\t\t\t\t\t\t<i class=\"fas fa-user\" aria-hidden=\"true\"><\/i>\t\t\t\t\t\t\t\t\t\t\t\t\t\t<a href=\"https:\/\/baleeirorodriguessales.com.br\/?author=1\">admin<\/a>\r\n\t\t\t\t\t\t\t\t\t\t\t\t\t<\/li>\r\n\t\t\t\t\t\t\t\t\t\t\t\t\t\r\n\t\t\t\t\t\t\t\t\t\t\t\t\t\r\n\t\t\t\t\t\t\t\t\t\t\t\t\t\r\n\t\t\t\t\t\t\t\t\t\t\t\t\t\t\t\t\t\t\t\t\t\t\t\t\t\t<li class=\"post-comments\">\r\n\t\t\t\t\t\t\t\t\t\t\t\t\t\t<i class=\"far fa-comment-alt\" aria-hidden=\"true\"><\/i>\t\t\t\t\t\t\t\t\t\t\t\t\t\t<a href=\"https:\/\/baleeirorodriguessales.com.br\/?p=277#respond\">Comment (0)<\/a>\t\t\t\t\t\t\t\t\t\t\t\r\n\t\t\t\t\t\t\t\t\t\t\t\t\t\t<\/li>\r\n\t\t\t\t\t\t\t\t\t\t\t\t\t\t\t\t\t\t\t\t\t\t\t\t\t<\/ul>\r\n\t\t\t\t\t\t\t\t\t\t\t\t\t\t\t\t\t\r\n\t\t\t\t\t\t\t\t\t\t\r\n\t\t\t\t\t\t\t\t\t\t\t\t\t\t\t\t\t\t\t\t\t<h2 class=\"title\"><a href=\"https:\/\/baleeirorodriguessales.com.br\/?p=277\" title=\"Negocia\u00e7\u00f5es Sindicais: O Papel da Assessoria Jur\u00eddica na Constru\u00e7\u00e3o de Acordos Sustent\u00e1veis\">Negocia\u00e7\u00f5es Sindicais: O Papel da Assessoria Jur\u00eddica na Constru\u00e7\u00e3o de Acordos Sustent\u00e1veis<\/a><\/h2>\r\n\t\t\t\t\t\t\t\t\t\t\r\n\t\t\t\t\t\t\t\t\t\t\t\t\t\t\t\t\t\t\t\t\t\t\t\t\t\t\t\r\n\t\t\t\t\t\t\t\t\t\t\r\n\t\t\t\t\t\t\t\t\t\t\r\n\t\t\t\t\t\t\t\t\t\t\t\t\t\t\t\t\t\t\t\t\t<div class=\"content-post\">As negocia\u00e7\u00f5es sindicais s\u00e3o momentos decisivos para o equil\u00edbrio das rela\u00e7\u00f5es de trabalho. A forma como a empresa conduz esses di\u00e1logos pode impactar diretamente sua imagem, seu ambiente interno e&hellip;<\/div>\r\n\t\t\t\t\t\t\t\t\t\t\t\t\t\t\t\t\t\t\t\t\r\n\t\t\t\t\t\t\t\t\t\t\t\t\t\t\t\t\t\t\t\t\t<div class=\"tf-button-container \">\r\n\t\t\t\t\t\t\t\t\t\t\t\t<a href=\"https:\/\/baleeirorodriguessales.com.br\/?p=277\" class=\"tf-button bt_icon_after\">\r\n\t\t\t\t\t\t\t\t\t\t\t\t\tSaiba mais+<i class=\"\" aria-hidden=\"true\"><\/i> \r\n\t\t\t\t\t\t\t\t\t\t\t\t<\/a>\r\n\t\t\t\t\t\t\t\t\t\t\t<\/div>\r\n\t\t\t\t\t\t\t\t\t\t\t\t\t\t\t\t\r\n\t\t\t\t\t\t\t\t\t<\/div>\r\n\t\t\t\t\t\t\t\t\t\t\t\t\t\t\t\t\r\n\t\t\t\t\t<\/div>\r\n\t\t\t\t<\/div>\r\n\t\t\t\t\t\t\t\t<div class=\"column\">\r\n\t\t\t\t\t<div class=\"entry blog-post\">\r\n\t\t\t\t\t\t\t\t\t\t\t\t\t\t\t\t\t\t\t\t\t\t\t\t\t\t\t<div class=\"featured-post\">\r\n\t\t\t\t\t\t\t\t\t\t\t\t<img decoding=\"async\" src=\"https:\/\/baleeirorodriguessales.com.br\/wp-content\/uploads\/2025\/10\/2-1024x576.jpg\" alt=\"image\">\t\t\t\t\t\t\t\t\t\t\t\t\t\t\t\t\t\t\t\t\t\t\t\t<a href=\"https:\/\/baleeirorodriguessales.com.br\/?p=274\" class=\"overlay\">\r\n\t\t\t\t\t\t\t\t\t\t\t\t\t<i class=\"\" aria-hidden=\"true\"><\/i>\t\t\t\t\t\t\t\t\t\t\t\t<\/a>\r\n\t\t\t\t\t\t\t\t\t\t\t\t\t\t\t\t\t\t\t\t\t\r\n\t\t\t\t\t\t\t\t\t\t\t<\/div>\r\n\t\t\t\t\t\t\t\t\t\t\t\t\t\t\t\t\t\t\t\t\t\t\r\n\t\t\t\t\t\t\t\t\t\t\t\t\t\t\t\t\t\t\t\t\t\t\t\t\t\t\t\t<div class=\"content\">\r\n\t\t\t\t\t\t\t\t\t\t\t\t\t\t\t\t\t\t\t\t\t\t\t\t\t\t\t\t\t\t\t\t\t<ul class=\"post-meta\">\r\n\t\t\t\t\t\t\t\t\t\t\t\t\t\t\t\t\t\t\t\t\t\t\t\t\t\t<li class=\"post-author\">\r\n\t\t\t\t\t\t\t\t\t\t\t\t\t\t<i class=\"fas fa-user\" aria-hidden=\"true\"><\/i>\t\t\t\t\t\t\t\t\t\t\t\t\t\t<a href=\"https:\/\/baleeirorodriguessales.com.br\/?author=1\">admin<\/a>\r\n\t\t\t\t\t\t\t\t\t\t\t\t\t<\/li>\r\n\t\t\t\t\t\t\t\t\t\t\t\t\t\r\n\t\t\t\t\t\t\t\t\t\t\t\t\t\r\n\t\t\t\t\t\t\t\t\t\t\t\t\t\r\n\t\t\t\t\t\t\t\t\t\t\t\t\t\t\t\t\t\t\t\t\t\t\t\t\t\t<li class=\"post-comments\">\r\n\t\t\t\t\t\t\t\t\t\t\t\t\t\t<i class=\"far fa-comment-alt\" aria-hidden=\"true\"><\/i>\t\t\t\t\t\t\t\t\t\t\t\t\t\t<a href=\"https:\/\/baleeirorodriguessales.com.br\/?p=274#respond\">Comment (0)<\/a>\t\t\t\t\t\t\t\t\t\t\t\r\n\t\t\t\t\t\t\t\t\t\t\t\t\t\t<\/li>\r\n\t\t\t\t\t\t\t\t\t\t\t\t\t\t\t\t\t\t\t\t\t\t\t\t\t<\/ul>\r\n\t\t\t\t\t\t\t\t\t\t\t\t\t\t\t\t\t\r\n\t\t\t\t\t\t\t\t\t\t\r\n\t\t\t\t\t\t\t\t\t\t\t\t\t\t\t\t\t\t\t\t\t<h2 class=\"title\"><a href=\"https:\/\/baleeirorodriguessales.com.br\/?p=274\" title=\"Compliance Trabalhista: Um Aliado Estrat\u00e9gico da Gest\u00e3o de Pessoas\">Compliance Trabalhista: Um Aliado Estrat\u00e9gico da Gest\u00e3o de Pessoas<\/a><\/h2>\r\n\t\t\t\t\t\t\t\t\t\t\r\n\t\t\t\t\t\t\t\t\t\t\t\t\t\t\t\t\t\t\t\t\t\t\t\t\t\t\t\r\n\t\t\t\t\t\t\t\t\t\t\r\n\t\t\t\t\t\t\t\t\t\t\r\n\t\t\t\t\t\t\t\t\t\t\t\t\t\t\t\t\t\t\t\t\t<div class=\"content-post\">O compliance trabalhista vai muito al\u00e9m do cumprimento das leis. Ele representa um compromisso da empresa com a \u00e9tica, a transpar\u00eancia e a valoriza\u00e7\u00e3o das pessoas. Em um cen\u00e1rio de&hellip;<\/div>\r\n\t\t\t\t\t\t\t\t\t\t\t\t\t\t\t\t\t\t\t\t\r\n\t\t\t\t\t\t\t\t\t\t\t\t\t\t\t\t\t\t\t\t\t<div class=\"tf-button-container \">\r\n\t\t\t\t\t\t\t\t\t\t\t\t<a href=\"https:\/\/baleeirorodriguessales.com.br\/?p=274\" class=\"tf-button bt_icon_after\">\r\n\t\t\t\t\t\t\t\t\t\t\t\t\tSaiba mais+<i class=\"\" aria-hidden=\"true\"><\/i> \r\n\t\t\t\t\t\t\t\t\t\t\t\t<\/a>\r\n\t\t\t\t\t\t\t\t\t\t\t<\/div>\r\n\t\t\t\t\t\t\t\t\t\t\t\t\t\t\t\t\r\n\t\t\t\t\t\t\t\t\t<\/div>\r\n\t\t\t\t\t\t\t\t\t\t\t\t\t\t\t\t\r\n\t\t\t\t\t<\/div>\r\n\t\t\t\t<\/div>\r\n\t\t\t\t\t\t\t\t<div class=\"column\">\r\n\t\t\t\t\t<div class=\"entry blog-post\">\r\n\t\t\t\t\t\t\t\t\t\t\t\t\t\t\t\t\t\t\t\t\t\t\t\t\t\t\t<div class=\"featured-post\">\r\n\t\t\t\t\t\t\t\t\t\t\t\t<img decoding=\"async\" src=\"https:\/\/baleeirorodriguessales.com.br\/wp-content\/uploads\/2025\/10\/1-1024x576.jpg\" alt=\"image\">\t\t\t\t\t\t\t\t\t\t\t\t\t\t\t\t\t\t\t\t\t\t\t\t<a href=\"https:\/\/baleeirorodriguessales.com.br\/?p=265\" class=\"overlay\">\r\n\t\t\t\t\t\t\t\t\t\t\t\t\t<i class=\"\" aria-hidden=\"true\"><\/i>\t\t\t\t\t\t\t\t\t\t\t\t<\/a>\r\n\t\t\t\t\t\t\t\t\t\t\t\t\t\t\t\t\t\t\t\t\t\r\n\t\t\t\t\t\t\t\t\t\t\t<\/div>\r\n\t\t\t\t\t\t\t\t\t\t\t\t\t\t\t\t\t\t\t\t\t\t\r\n\t\t\t\t\t\t\t\t\t\t\t\t\t\t\t\t\t\t\t\t\t\t\t\t\t\t\t\t<div class=\"content\">\r\n\t\t\t\t\t\t\t\t\t\t\t\t\t\t\t\t\t\t\t\t\t\t\t\t\t\t\t\t\t\t\t\t\t<ul class=\"post-meta\">\r\n\t\t\t\t\t\t\t\t\t\t\t\t\t\t\t\t\t\t\t\t\t\t\t\t\t\t<li class=\"post-author\">\r\n\t\t\t\t\t\t\t\t\t\t\t\t\t\t<i class=\"fas fa-user\" aria-hidden=\"true\"><\/i>\t\t\t\t\t\t\t\t\t\t\t\t\t\t<a href=\"https:\/\/baleeirorodriguessales.com.br\/?author=1\">admin<\/a>\r\n\t\t\t\t\t\t\t\t\t\t\t\t\t<\/li>\r\n\t\t\t\t\t\t\t\t\t\t\t\t\t\r\n\t\t\t\t\t\t\t\t\t\t\t\t\t\r\n\t\t\t\t\t\t\t\t\t\t\t\t\t\r\n\t\t\t\t\t\t\t\t\t\t\t\t\t\t\t\t\t\t\t\t\t\t\t\t\t\t<li class=\"post-comments\">\r\n\t\t\t\t\t\t\t\t\t\t\t\t\t\t<i class=\"far fa-comment-alt\" aria-hidden=\"true\"><\/i>\t\t\t\t\t\t\t\t\t\t\t\t\t\t<a href=\"https:\/\/baleeirorodriguessales.com.br\/?p=265#respond\">Comment (0)<\/a>\t\t\t\t\t\t\t\t\t\t\t\r\n\t\t\t\t\t\t\t\t\t\t\t\t\t\t<\/li>\r\n\t\t\t\t\t\t\t\t\t\t\t\t\t\t\t\t\t\t\t\t\t\t\t\t\t<\/ul>\r\n\t\t\t\t\t\t\t\t\t\t\t\t\t\t\t\t\t\r\n\t\t\t\t\t\t\t\t\t\t\r\n\t\t\t\t\t\t\t\t\t\t\t\t\t\t\t\t\t\t\t\t\t<h2 class=\"title\"><a href=\"https:\/\/baleeirorodriguessales.com.br\/?p=265\" title=\"Gest\u00e3o de Riscos Trabalhistas: Como a Preven\u00e7\u00e3o Pode Evitar Passivos e Economizar Recursos\">Gest\u00e3o de Riscos Trabalhistas: Como a Preven\u00e7\u00e3o Pode Evitar Passivos e Economizar Recursos<\/a><\/h2>\r\n\t\t\t\t\t\t\t\t\t\t\r\n\t\t\t\t\t\t\t\t\t\t\t\t\t\t\t\t\t\t\t\t\t\t\t\t\t\t\t\r\n\t\t\t\t\t\t\t\t\t\t\r\n\t\t\t\t\t\t\t\t\t\t\r\n\t\t\t\t\t\t\t\t\t\t\t\t\t\t\t\t\t\t\t\t\t<div class=\"content-post\">A preven\u00e7\u00e3o \u00e9 o caminho mais eficiente para reduzir custos e evitar lit\u00edgios trabalhistas. Empresas que adotam pr\u00e1ticas preventivas conseguem n\u00e3o apenas diminuir a quantidade de processos, mas tamb\u00e9m fortalecer&hellip;<\/div>\r\n\t\t\t\t\t\t\t\t\t\t\t\t\t\t\t\t\t\t\t\t\r\n\t\t\t\t\t\t\t\t\t\t\t\t\t\t\t\t\t\t\t\t\t<div class=\"tf-button-container \">\r\n\t\t\t\t\t\t\t\t\t\t\t\t<a href=\"https:\/\/baleeirorodriguessales.com.br\/?p=265\" class=\"tf-button bt_icon_after\">\r\n\t\t\t\t\t\t\t\t\t\t\t\t\tSaiba mais+<i class=\"\" aria-hidden=\"true\"><\/i> \r\n\t\t\t\t\t\t\t\t\t\t\t\t<\/a>\r\n\t\t\t\t\t\t\t\t\t\t\t<\/div>\r\n\t\t\t\t\t\t\t\t\t\t\t\t\t\t\t\t\r\n\t\t\t\t\t\t\t\t\t<\/div>\r\n\t\t\t\t\t\t\t\t\t\t\t\t\t\t\t\t\r\n\t\t\t\t\t<\/div>\r\n\t\t\t\t<\/div>\r\n\t\t\t\t\t\t\t\t\t\t\t<\/div>\r\n\t\t\t\t\r\n\t\t\t\t\t\t<nav class=\"navigation navigation-numeric-link\" role=\"navigation\">\r\n\t\t\t\t<div class=\"pagination loop-pagination left\">\r\n\t\t\t\t\t\t\t\t<\/div>\r\n\t\t\t<\/nav>\r\n\t\t\t\t\t<\/div>\r\n\r\n\t\t\t\t\t\t<\/div>\n\t\t\t\t<\/div>\n\t\t\t\t\t<\/div>\n\t\t<\/div>\n\t\t\t\t\t<\/div>\n\t\t<\/section>\n\t\t\t\t<\/div>\n\t\t","protected":false},"excerpt":{"rendered":"<p>Baleeiro Rodrigues Advocacia Artigos In\u00edcio artigos Artigos Recentes admin Comment (0) Negocia\u00e7\u00f5es Sindicais: O Papel da Assessoria Jur\u00eddica na Constru\u00e7\u00e3o de Acordos Sustent\u00e1veis As negocia\u00e7\u00f5es sindicais s\u00e3o momentos decisivos para o equil\u00edbrio das rela\u00e7\u00f5es de trabalho. A forma como a empresa conduz esses di\u00e1logos pode impactar diretamente sua imagem, seu ambiente interno e&hellip; Saiba mais+ [&hellip;]<\/p>\n","protected":false},"author":1,"featured_media":0,"parent":0,"menu_order":0,"comment_status":"closed","ping_status":"closed","template":"elementor_header_footer","meta":{"footnotes":""},"class_list":["post-151","page","type-page","status-publish","hentry"],"yoast_head":"<!-- This site is optimized with the Yoast SEO plugin v26.1.1 - https:\/\/yoast.com\/wordpress\/plugins\/seo\/ -->\n<title>Blog - Baleeiro Rodrigues<\/title>\n<meta name=\"robots\" content=\"index, follow, max-snippet:-1, max-image-preview:large, max-video-preview:-1\" \/>\n<link rel=\"canonical\" href=\"https:\/\/baleeirorodriguessales.com.br\/?page_id=151\" \/>\n<meta property=\"og:locale\" content=\"en_US\" \/>\n<meta property=\"og:type\" content=\"article\" \/>\n<meta property=\"og:title\" content=\"Blog - Baleeiro Rodrigues\" \/>\n<meta property=\"og:description\" content=\"Baleeiro Rodrigues Advocacia Artigos In\u00edcio artigos Artigos Recentes admin Comment (0) Negocia\u00e7\u00f5es Sindicais: O Papel da Assessoria Jur\u00eddica na Constru\u00e7\u00e3o de Acordos Sustent\u00e1veis As negocia\u00e7\u00f5es sindicais s\u00e3o momentos decisivos para o equil\u00edbrio das rela\u00e7\u00f5es de trabalho. A forma como a empresa conduz esses di\u00e1logos pode impactar diretamente sua imagem, seu ambiente interno e&hellip; Saiba mais+ [&hellip;]\" \/>\n<meta property=\"og:url\" content=\"https:\/\/baleeirorodriguessales.com.br\/?page_id=151\" \/>\n<meta property=\"og:site_name\" content=\"Baleeiro Rodrigues\" \/>\n<meta property=\"article:modified_time\" content=\"2025-12-19T15:05:35+00:00\" \/>\n<meta property=\"og:image\" content=\"http:\/\/baleeirorodriguessales.com.br\/wp-content\/uploads\/2025\/10\/3-1024x576.jpg\" \/>\n<meta name=\"twitter:card\" content=\"summary_large_image\" \/>\n<meta name=\"twitter:label1\" content=\"Est. reading time\" \/>\n\t<meta name=\"twitter:data1\" content=\"2 minutes\" \/>\n<script type=\"application\/ld+json\" class=\"yoast-schema-graph\">{\"@context\":\"https:\/\/schema.org\",\"@graph\":[{\"@type\":\"WebPage\",\"@id\":\"https:\/\/baleeirorodriguessales.com.br\/?page_id=151\",\"url\":\"https:\/\/baleeirorodriguessales.com.br\/?page_id=151\",\"name\":\"Blog - Baleeiro Rodrigues\",\"isPartOf\":{\"@id\":\"https:\/\/baleeirorodriguessales.com.br\/#website\"},\"primaryImageOfPage\":{\"@id\":\"https:\/\/baleeirorodriguessales.com.br\/?page_id=151#primaryimage\"},\"image\":{\"@id\":\"https:\/\/baleeirorodriguessales.com.br\/?page_id=151#primaryimage\"},\"thumbnailUrl\":\"http:\/\/baleeirorodriguessales.com.br\/wp-content\/uploads\/2025\/10\/3-1024x576.jpg\",\"datePublished\":\"2025-10-09T20:23:07+00:00\",\"dateModified\":\"2025-12-19T15:05:35+00:00\",\"breadcrumb\":{\"@id\":\"https:\/\/baleeirorodriguessales.com.br\/?page_id=151#breadcrumb\"},\"inLanguage\":\"en-US\",\"potentialAction\":[{\"@type\":\"ReadAction\",\"target\":[\"https:\/\/baleeirorodriguessales.com.br\/?page_id=151\"]}]},{\"@type\":\"ImageObject\",\"inLanguage\":\"en-US\",\"@id\":\"https:\/\/baleeirorodriguessales.com.br\/?page_id=151#primaryimage\",\"url\":\"http:\/\/baleeirorodriguessales.com.br\/wp-content\/uploads\/2025\/10\/3-1024x576.jpg\",\"contentUrl\":\"http:\/\/baleeirorodriguessales.com.br\/wp-content\/uploads\/2025\/10\/3-1024x576.jpg\"},{\"@type\":\"BreadcrumbList\",\"@id\":\"https:\/\/baleeirorodriguessales.com.br\/?page_id=151#breadcrumb\",\"itemListElement\":[{\"@type\":\"ListItem\",\"position\":1,\"name\":\"Home\",\"item\":\"https:\/\/baleeirorodriguessales.com.br\/\"},{\"@type\":\"ListItem\",\"position\":2,\"name\":\"Blog\"}]},{\"@type\":\"WebSite\",\"@id\":\"https:\/\/baleeirorodriguessales.com.br\/#website\",\"url\":\"https:\/\/baleeirorodriguessales.com.br\/\",\"name\":\"Baleeiro Rodrigues\",\"description\":\"Advocacia\",\"publisher\":{\"@id\":\"https:\/\/baleeirorodriguessales.com.br\/#organization\"},\"potentialAction\":[{\"@type\":\"SearchAction\",\"target\":{\"@type\":\"EntryPoint\",\"urlTemplate\":\"https:\/\/baleeirorodriguessales.com.br\/?s={search_term_string}\"},\"query-input\":{\"@type\":\"PropertyValueSpecification\",\"valueRequired\":true,\"valueName\":\"search_term_string\"}}],\"inLanguage\":\"en-US\"},{\"@type\":\"Organization\",\"@id\":\"https:\/\/baleeirorodriguessales.com.br\/#organization\",\"name\":\"Baleeiro Rodrigues\",\"url\":\"https:\/\/baleeirorodriguessales.com.br\/\",\"logo\":{\"@type\":\"ImageObject\",\"inLanguage\":\"en-US\",\"@id\":\"https:\/\/baleeirorodriguessales.com.br\/#\/schema\/logo\/image\/\",\"url\":\"https:\/\/baleeirorodriguessales.com.br\/wp-content\/uploads\/2025\/11\/cropped-cropped-logo3-1.jpg\",\"contentUrl\":\"https:\/\/baleeirorodriguessales.com.br\/wp-content\/uploads\/2025\/11\/cropped-cropped-logo3-1.jpg\",\"width\":512,\"height\":512,\"caption\":\"Baleeiro Rodrigues\"},\"image\":{\"@id\":\"https:\/\/baleeirorodriguessales.com.br\/#\/schema\/logo\/image\/\"}}]}<\/script>\n<!-- \/ Yoast SEO plugin. -->","yoast_head_json":{"title":"Blog - Baleeiro Rodrigues","robots":{"index":"index","follow":"follow","max-snippet":"max-snippet:-1","max-image-preview":"max-image-preview:large","max-video-preview":"max-video-preview:-1"},"canonical":"https:\/\/baleeirorodriguessales.com.br\/?page_id=151","og_locale":"en_US","og_type":"article","og_title":"Blog - Baleeiro Rodrigues","og_description":"Baleeiro Rodrigues Advocacia Artigos In\u00edcio artigos Artigos Recentes admin Comment (0) Negocia\u00e7\u00f5es Sindicais: O Papel da Assessoria Jur\u00eddica na Constru\u00e7\u00e3o de Acordos Sustent\u00e1veis As negocia\u00e7\u00f5es sindicais s\u00e3o momentos decisivos para o equil\u00edbrio das rela\u00e7\u00f5es de trabalho. A forma como a empresa conduz esses di\u00e1logos pode impactar diretamente sua imagem, seu ambiente interno e&hellip; Saiba mais+ [&hellip;]","og_url":"https:\/\/baleeirorodriguessales.com.br\/?page_id=151","og_site_name":"Baleeiro Rodrigues","article_modified_time":"2025-12-19T15:05:35+00:00","og_image":[{"url":"http:\/\/baleeirorodriguessales.com.br\/wp-content\/uploads\/2025\/10\/3-1024x576.jpg","type":"","width":"","height":""}],"twitter_card":"summary_large_image","twitter_misc":{"Est. reading time":"2 minutes"},"schema":{"@context":"https:\/\/schema.org","@graph":[{"@type":"WebPage","@id":"https:\/\/baleeirorodriguessales.com.br\/?page_id=151","url":"https:\/\/baleeirorodriguessales.com.br\/?page_id=151","name":"Blog - Baleeiro Rodrigues","isPartOf":{"@id":"https:\/\/baleeirorodriguessales.com.br\/#website"},"primaryImageOfPage":{"@id":"https:\/\/baleeirorodriguessales.com.br\/?page_id=151#primaryimage"},"image":{"@id":"https:\/\/baleeirorodriguessales.com.br\/?page_id=151#primaryimage"},"thumbnailUrl":"http:\/\/baleeirorodriguessales.com.br\/wp-content\/uploads\/2025\/10\/3-1024x576.jpg","datePublished":"2025-10-09T20:23:07+00:00","dateModified":"2025-12-19T15:05:35+00:00","breadcrumb":{"@id":"https:\/\/baleeirorodriguessales.com.br\/?page_id=151#breadcrumb"},"inLanguage":"en-US","potentialAction":[{"@type":"ReadAction","target":["https:\/\/baleeirorodriguessales.com.br\/?page_id=151"]}]},{"@type":"ImageObject","inLanguage":"en-US","@id":"https:\/\/baleeirorodriguessales.com.br\/?page_id=151#primaryimage","url":"http:\/\/baleeirorodriguessales.com.br\/wp-content\/uploads\/2025\/10\/3-1024x576.jpg","contentUrl":"http:\/\/baleeirorodriguessales.com.br\/wp-content\/uploads\/2025\/10\/3-1024x576.jpg"},{"@type":"BreadcrumbList","@id":"https:\/\/baleeirorodriguessales.com.br\/?page_id=151#breadcrumb","itemListElement":[{"@type":"ListItem","position":1,"name":"Home","item":"https:\/\/baleeirorodriguessales.com.br\/"},{"@type":"ListItem","position":2,"name":"Blog"}]},{"@type":"WebSite","@id":"https:\/\/baleeirorodriguessales.com.br\/#website","url":"https:\/\/baleeirorodriguessales.com.br\/","name":"Baleeiro Rodrigues","description":"Advocacia","publisher":{"@id":"https:\/\/baleeirorodriguessales.com.br\/#organization"},"potentialAction":[{"@type":"SearchAction","target":{"@type":"EntryPoint","urlTemplate":"https:\/\/baleeirorodriguessales.com.br\/?s={search_term_string}"},"query-input":{"@type":"PropertyValueSpecification","valueRequired":true,"valueName":"search_term_string"}}],"inLanguage":"en-US"},{"@type":"Organization","@id":"https:\/\/baleeirorodriguessales.com.br\/#organization","name":"Baleeiro Rodrigues","url":"https:\/\/baleeirorodriguessales.com.br\/","logo":{"@type":"ImageObject","inLanguage":"en-US","@id":"https:\/\/baleeirorodriguessales.com.br\/#\/schema\/logo\/image\/","url":"https:\/\/baleeirorodriguessales.com.br\/wp-content\/uploads\/2025\/11\/cropped-cropped-logo3-1.jpg","contentUrl":"https:\/\/baleeirorodriguessales.com.br\/wp-content\/uploads\/2025\/11\/cropped-cropped-logo3-1.jpg","width":512,"height":512,"caption":"Baleeiro Rodrigues"},"image":{"@id":"https:\/\/baleeirorodriguessales.com.br\/#\/schema\/logo\/image\/"}}]}},"_links":{"self":[{"href":"https:\/\/baleeirorodriguessales.com.br\/index.php?rest_route=\/wp\/v2\/pages\/151","targetHints":{"allow":["GET"]}}],"collection":[{"href":"https:\/\/baleeirorodriguessales.com.br\/index.php?rest_route=\/wp\/v2\/pages"}],"about":[{"href":"https:\/\/baleeirorodriguessales.com.br\/index.php?rest_route=\/wp\/v2\/types\/page"}],"author":[{"embeddable":true,"href":"https:\/\/baleeirorodriguessales.com.br\/index.php?rest_route=\/wp\/v2\/users\/1"}],"replies":[{"embeddable":true,"href":"https:\/\/baleeirorodriguessales.com.br\/index.php?rest_route=%2Fwp%2Fv2%2Fcomments&post=151"}],"version-history":[{"count":41,"href":"https:\/\/baleeirorodriguessales.com.br\/index.php?rest_route=\/wp\/v2\/pages\/151\/revisions"}],"predecessor-version":[{"id":826,"href":"https:\/\/baleeirorodriguessales.com.br\/index.php?rest_route=\/wp\/v2\/pages\/151\/revisions\/826"}],"wp:attachment":[{"href":"https:\/\/baleeirorodriguessales.com.br\/index.php?rest_route=%2Fwp%2Fv2%2Fmedia&parent=151"}],"curies":[{"name":"wp","href":"https:\/\/api.w.org\/{rel}","templated":true}]}}